rs of v?
2, 7
Suppose 2*g = 5*y - 331, -3*g = -y - 5*g + 59. List the prime factors of y.
5, 13
Let f(w) = -w**3 - 7*w**2 + 3*w - 4. List the prime factors of f(-8).
2, 3
Let m(s) = 11*s - 7. Let w be m(5). Let a = -28 + w. List the prime factors of a.
2, 5
Let j be (-2547)/27 + 2/(-3). What are the prime factors of 6/(-9) - j/3?
31
Let f be -2 + 8 - (0 - -2). Suppose 2*b + 4*l - 12 = 8, -4*b = -3*l + f. List the prime factors of 9/b - (-3)/(-2).
3
Suppose -4*j - 214 = -74. Let a be (16/5)/((-7)/j). Suppose 0 = 4*s - 0*s - a. List the prime factors of s.
2
Suppose y = 3*z - 0*y + 14, -8 = 3*z + 2*y. Let x(k) = -5 + k**2 + 3*k**2 - 6*k + 0*k + k**3. List the prime factors of x(z).
19
List the prime factors of (-1)/(2 + (-471)/234).
2, 3, 13
Let v be ((-12)/(-10))/(18/405). Suppose -o - 2*n - 10 = -v, -13 = -o - n. What are the prime factors of o?
3
Let l(s) = 4*s - 7. Let g be l(-6). Let a = 44 + g. Let x = a - 3. List the prime factors of x.
2, 5
Suppose -20 = -22*d + 18*d. List the prime factors of 140/d - (-3 + 1).
2, 3, 5
Let z(p) = p**2 + 3. Let w = 2 + 2. Suppose w*r - 2*t - 22 = 0, 4*t + 17 = -r - 0*r. List the prime factors of z(r).
2, 3
Let g(w) = -395*w + 383*w - w**2 + 0*w**2 + 14. List the prime factors of g(-10).
2, 17
Let v = -31 - -20. Let c = -49 + 34. Let m = v - c. What are the prime factors of m?
2
Let r(s) = s**2 - 4*s + 4. Let c be r(4). Suppose x - 9 - c = 0. Let t = x + -10. What are the prime factors of t?
3
Suppose 2 + 13 = 5*i. Suppose i*c = -57 + 132. What are the prime factors of c?
5
Let o(i) = -i + 2. Let s be o(-8). Suppose -s = z - 31. What are the prime factors of z?
3, 7
What are the prime factors of -8*((-9)/6 - -1)?
2
Let v = 326 - 148. What are the prime factors of v?
2, 89
Let k(d) = -4*d**2 - d. Let c be (-1)/(2/6*3). Let o be k(c). Let i = 6 + o. What are the prime factors of i?
3
Suppose 4*v + 24 = -4*l, 3*l + 0*l + 4*v = -14. Let q = 11 + 9. Let n = l + q. What are the prime factors of n?
2, 5
Let s(m) = 8*m + 34. Let u(g) = 3*g + 11. Let r(t) = 3*s(t) - 10*u(t). What are the prime factors of r(-6)?
2, 7
Let l be 2/((-1)/((-2)/2)). Suppose 0*t - b + 4 = l*t, -4*t - 4 = 5*b. What are the prime factors of t?
2
Let a(c) = 7*c**2 + c + 428. List the prime factors of a(0).
2, 107
Let g(w) = 5*w**2 + w - 1. Let t(m) = 6*m**2 + m - 1. Let y(h) = -2*g(h) + 3*t(h). Let j be y(-2). Suppose 0 = 2*o + 5 - j. What are the prime factors of o?
2, 3
Suppose 16 = -3*d + 5*d. List the prime factors of d.
2
Let p(j) be the third derivative of j**5/30 + 7*j**4/24 - j**3/3 - j**2. Suppose -25 = 6*c - c. List the prime factors of p(c).
13
Let b(d) = 2*d**2 - 17*d + 36. List the prime factors of b(10).
2, 3, 11
Let k(l) = -l**3 - l**2 + 3*l - 3. Let i be k(2). Let v(b) = -b**3 - 10*b**2 - 9*b + 6. What are the prime factors of v(i)?
2, 3
Suppose -5*u - 23 = 4*g, 2*g + 0*g + 22 = -4*u. Let l(h) = h**2 + 12*h - 11. Let w be l(-9). What are the prime factors of w/(-14) + (-2)/u?
3
Suppose 4*x - 6*q - 607 = -q, 5*q + 291 = 2*x. What are the prime factors of x?
2, 79
Suppose 0 = -2*c + 1 + 7. Let o be 1*(-9)/(-12)*c. What are the prime factors of -1*o*(-4)/2?
2, 3
Suppose 103 = -5*f + p, 2*p - 17 = 2*f + 29. Let y = -5 - f. What are the prime factors of y?
3, 5
Let d(g) = g - 3. Let f be d(7). Suppose o + o = f. What are the prime factors of o?
2
Suppose 177 = 2*v - 323. What are the prime factors of v?
2, 5
Suppose -4*d - 80 = -w, -5*d + d = 4*w - 280. What are the prime factors of w?
2, 3
Let r be 2/(-10) - (-118)/(-10). List the prime factors of (-6)/r + (-54)/(-4).
2, 7
What are the prime factors of (-4)/10 - (-32)/5?
2, 3
Let w = 1 + -3. Suppose -4*q = -2*g, -3*g + 0*q + 4*q = -2. What are the prime factors of (45/6 + w)*g?
11
Let j(y) = y**3 + 3*y**2 + y. What are the prime factors of j(2)?
2, 11
Let x = -72 - -115. List the prime factors of x.
43
List the prime factors of ((-180)/35)/((-3)/14).
2, 3
Let b(i) = i**2 + 2*i - 5. Let g be b(-4). Suppose -5*q + g*y + 86 = 0, 8*q + 5*y = 3*q + 110. Suppose 5 + q = 3*n. What are the prime factors of n?
2
Let w(u) = 4*u**2 - 25*u + 10. What are the prime factors of w(7)?
31
Let w = 6 - 2. Suppose -2*b - y + 45 = 15, 66 = 4*b - y. List the prime factors of (2 + b)*2/w.
3
Let z be 2 + (-5 - -3) + 2. Suppose -q + z*q = -6. List the prime factors of (q/8)/(2/(-8)).
3
Suppose 3*m - o = -2, 3*m - 5*m = 2*o + 12. Suppose v - r = 11 + 35, -142 = -3*v + 4*r. What are the prime factors of m/(-1)*v/12?
7
Suppose -3*n + 168 = -0*n. List the prime factors of n.
2, 7
Let z(r) = 4*r**2 - 2*r - 1. List the prime factors of z(-4).
71
Let v = 0 - -1. What are the prime factors of v/(-1) + -2 + 9?
2, 3
Let g = -3 + 1. Let b be 0 - -5 - (0 - g). Suppose -b*m - 4 = -3*x + 2, -2*m = 3*x - 11. What are the prime factors of x?
3
Let s = 7 + -5. Suppose s*z + 0*y - 27 = -5*y, -4*y + 15 = z. What are the prime factors of z?
11
Let t(d) = d**2 - d - 4. Let x be t(3). Let i = -5 + x. Let s = 2 - i. What are the prime factors of s?
5
Let g(o) = o**3 + 4*o**2 - 5*o + 4. Let s be g(-5). Suppose -3*i = -0*i - s*n - 14, -3*i - 3*n = 0. Suppose -7*q + i*q = -55. What are the prime factors of q?
11
Suppose -10*j - 440 = -1370. What are the prime factors of j?
3, 31
Suppose -2*z + 28 = -586. List the prime factors of z.
307
Let p = 2 - -50. List the prime factors of p.
2, 13
Let r(b) = -b**3 - 7*b**2 - 2*b + 4. What are the prime factors of r(-8)?
2, 3, 7
Let i be 1/1 - (-1 + 4). List the prime factors of 18/(0/i - -1).
2, 3
Suppose -2*l - v + 60 = 0, 0 = 4*l + 5*v + 43 - 163. What are the prime factors of l?
2, 3, 5
Let u be -1 + 1 - (-124)/2. Suppose u = 3*c - 73. Suppose -3*o - 3*n = -c, 5*o + 3*n + 36 - 101 = 0. List the prime factors of o.
2, 5
Let j = 4 - 4. Let v(s) = s**3 + s**2 - s - 1. Let p be v(j). List the prime factors of 36/2 + 1 + p.
2, 3
Let y(q) = 8*q**2 - 2*q + 2. List the prime factors of y(2).
2, 3, 5
Suppose 0*j - 19 = -j - 3*o, -4*j + o = -11. Let y(g) = g + 7 - 5 + j + 9. What are the prime factors of y(-9)?
2, 3
Let a(i) = -i**3 + 4*i**2 + 4*i + 7. Let v be a(5). Let f = v + 6. List the prime factors of f.
2
Let i = 11 + 3. List the prime factors of 1 - (4 - 2 - i).
13
Suppose 161 = 2*h - g, 248 = 4*h - 3*g - 69. List the prime factors of h.
83
Let t = 120 + -66. What are the prime factors of t?
2, 3
Let t = -14 + 14. List the prime factors of (1 + t)/((-8)/(-376)).
47
Let h(t) = 3*t - 4. What are the prime factors of h(3)?
5
Let v = -7 - -7. Suppose -5*q + 13 + 2 = v. What are the prime factors of q?
3
Suppose 0 = v - 77 - 12. What are the prime factors of v?
89
List the prime factors of (-1)/1*(-10 + -16).
2, 13
Let w(y) = -y**3 - 4*y**2 - 3*y - 2. Let g be w(-4). Suppose 4*i - 16 = -l, l = -2*i + 5*l - g. Suppose 1 = f - i. List the prime factors of f.
2
Suppose f + 18 = 21. Let b(c) = 2*c - 8. Let w be b(6). Suppose 0 = -3*j, 16 = 2*z + f*j - w*j. List the prime factors of z.
2
Let x be (-7)/(-4)*56/(-7). List the prime factors of 3 - 3 - (2 + x).
2, 3
Let x = 2 - -1. Suppose -22 = 2*q - 3*a, -3*q - x*a = -a + 20. Let h = q + 12. List the prime factors of h.
2
Suppose 3*g - 138 = -4*j, 3*g + 2*g = 3*j - 89. Let s = 12 - 7. Suppose s*n = q - 11, 2*q - j = -q + 5*n. What are the prime factors of q?
11
Let n(i) = 3*i**2 + 0*i**2 + 7*i + 6 - i**2. Suppose 2*v - v = -4. What are the prime factors of n(v)?
2, 5
Suppose 5*k + 2 = 7. Let m = -21 - -22. List the prime factors of m + k + (-3 - -4).
3
Let h(y) = y + 7. Let t be h(-3). Suppose t*m - 45 = 39. List the prime factors of m.
3, 7
Suppose 8 = -3*c + 7*c. Suppose -c*i = -4, -5*i = d - 0*i - 13. What are the prime factors of d?
3
Let b be (-8)/(-28) - 88/14. Let v(o) be the second derivative of o**5/20 + 7*o**4/12 + o**3 + 9*o**2/2 + o. List the prime factors of v(b).
3
Let v(y) = -y**3 + 6*y**2 - 5*y - 2. Let l be v(5). What are the prime factors of l*(-1)/(-2)*-29?
29
Suppose -2 = -3*v + 4. Suppose -5*f + 2*f = -3*y + 36, 3*y - v*f - 38 = 0. What are the prime factors of y?
2, 7
Suppose 3*h + 6*p - p = 90, 5*h + 4*p = 137. List the prime factors of h.
5
Let p(g) = -g**3 - 4*g**2 + 2*g - 4. What are the prime factors of p(-7)?
3, 43
Suppose -8*t + 5*t - 3 = 0. What are the prime factors of t + -4 + (-26)/(-2)?
2
Let h(l) = -l**3 + 8*l*